{"id":129,"date":"2026-02-17T22:44:38","date_gmt":"2026-02-17T19:44:38","guid":{"rendered":"https:\/\/dialormaroc.com\/?page_id=129"},"modified":"2026-02-17T22:44:39","modified_gmt":"2026-02-17T19:44:39","slug":"dialor-site-officiel-au-maroc","status":"publish","type":"page","link":"https:\/\/dialormaroc.com\/","title":{"rendered":"Dialor Site Officiel Au Maroc"},"content":{"rendered":"\n<div class=\"wp-block-columns is-layout-flex wp-container-core-columns-is-layout-9d6595d7 wp-block-columns-is-layout-flex\">\n<div class=\"wp-block-column is-layout-flow wp-block-column-is-layout-flow\">\n<figure class=\"wp-block-image size-full\"><span itemprop=\"image\" itemscope itemtype=\"https:\/\/schema.org\/ImageObject\"><img itemprop=\"url image\" loading=\"lazy\" decoding=\"async\" width=\"301\" height=\"337\" src=\"https:\/\/dialormaroc.com\/wp-content\/uploads\/2026\/02\/screenshot_1.jpg\" alt=\"\" class=\"wp-image-130\" srcset=\"https:\/\/dialormaroc.com\/wp-content\/uploads\/2026\/02\/screenshot_1.jpg 301w, https:\/\/dialormaroc.com\/wp-content\/uploads\/2026\/02\/screenshot_1-268x300.jpg 268w\" sizes=\"auto, (max-width: 301px) 100vw, 301px\" \/><meta itemprop=\"width\" content=\"301\"><meta itemprop=\"height\" content=\"337\"><\/span><\/figure>\n<\/div>\n\n\n\n<div class=\"wp-block-column is-layout-flow wp-block-column-is-layout-flow\">\n<div class=\"price-zakazat\">Ancien prix <span class=\"cenado\">800<\/span> MAD.<br \/>En vente<span class=\"tektsena\">399<\/span> MAD.*<br \/><div class=\" hurrytimer-campaign hurryt-loading hurrytimer-campaign-18\" data-config=\"{&quot;id&quot;:18,&quot;run_in_background&quot;:false,&quot;sticky&quot;:false,&quot;product_ids&quot;:[],&quot;actions&quot;:[{&quot;id&quot;:1,&quot;redirectUrl&quot;:&quot;&quot;,&quot;message&quot;:&quot;&quot;,&quot;coupon&quot;:&quot;&quot;,&quot;wcStockStatus&quot;:&quot;instock&quot;}],&quot;template&quot;:&quot;&lt;div class=\\&quot;hurrytimer-timer-block \\&quot;&gt;&lt;div class=\\&quot;hurrytimer-timer-digit \\&quot;&gt;%I&lt;\\\/div&gt;&lt;div class=\\&quot;hurrytimer-timer-label \\&quot; &gt;hrs&lt;\\\/div&gt;&lt;\\\/div&gt;&lt;div class=\\&quot; hurrytimer-timer-sep\\&quot;&gt;:&lt;\\\/div&gt;&lt;div class=\\&quot;hurrytimer-timer-block \\&quot;&gt;&lt;div class=\\&quot;hurrytimer-timer-digit \\&quot;&gt;%M&lt;\\\/div&gt;&lt;div class=\\&quot;hurrytimer-timer-label \\&quot; &gt;mins&lt;\\\/div&gt;&lt;\\\/div&gt;&lt;div class=\\&quot; hurrytimer-timer-sep\\&quot;&gt;:&lt;\\\/div&gt;&lt;div class=\\&quot;hurrytimer-timer-block \\&quot;&gt;&lt;div class=\\&quot;hurrytimer-timer-digit \\&quot;&gt;%S&lt;\\\/div&gt;&lt;div class=\\&quot;hurrytimer-timer-label \\&quot; &gt;secs&lt;\\\/div&gt;&lt;\\\/div&gt;&quot;,&quot;methods&quot;:[1,2],&quot;mode&quot;:&quot;evergreen&quot;,&quot;sticky_bar_hide_timeout&quot;:7,&quot;isRegular&quot;:false,&quot;restart_duration&quot;:0,&quot;duration&quot;:3600,&quot;should_reset&quot;:false,&quot;reset_token&quot;:&quot;&quot;,&quot;restart&quot;:&quot;2&quot;,&quot;endDate&quot;:null,&quot;cookieName&quot;:&quot;_ht_CDT-18&quot;,&quot;reload_reset&quot;:false}\" ><div class=\" hurrytimer-headline\">Fin de la promotion:<\/div><div class=\" hurrytimer-timer\"><\/div><\/div><\/div>\n<div class=\"forma-zakaza\"><form id=\"orderly\" class=\"offername\" action=\"\" method=\"POST\"><input name=\"name\" required=\"\" type=\"text\" placeholder=\"Nom\" \/><input name=\"phone\" required=\"\" type=\"tel\" placeholder=\"T\u00e9l\u00e9phone\" \/><input name=\"offer_id\" type=\"hidden\" value=\"f69084f2-94e0-46ff-8a1d-b863a19a1fbf\" \/> <input name=\"stream\" type=\"hidden\" value=\"f69084f2-94e0-46ff-8a1d-b863a19a1fbf\" \/> <input name=\"country\" type=\"hidden\" value=\"MA\" \/><button class=\"btn-clculul\" type=\"submit\">Achetez en offre sp\u00e9ciale<\/button><\/form>\n<div class=\"textfor\">*prix promotionnel lors de l&rsquo;achat d&rsquo;un cours<\/div>\n<\/div>\n<\/div>\n<\/div>\n\n\n\n<p>Au Maroc, l\u2019\u00e9volution des habitudes alimentaires, le stress et la diminution de l\u2019activit\u00e9 physique ont accru l\u2019attention port\u00e9e \u00e0 l\u2019\u00e9quilibre du taux de sucre dans le sang. Lorsque la r\u00e9gulation glyc\u00e9mique devient instable, cela peut influencer l\u2019\u00e9nergie, la circulation sanguine, la vitalit\u00e9 et le confort g\u00e9n\u00e9ral.<\/p>\n\n\n\n<p>Une soif persistante, une fatigue inhabituelle, des envies fr\u00e9quentes de sucre ou des variations de poids peuvent indiquer que l\u2019organisme a besoin d\u2019un soutien nutritionnel compl\u00e9mentaire.<\/p>\n\n\n\n<p>Dialor est un compl\u00e9ment alimentaire con\u00e7u pour contribuer au maintien d\u2019un taux de sucre normal, soutenir le m\u00e9tabolisme et accompagner la sant\u00e9 cardiovasculaire et immunitaire dans le cadre d\u2019un mode de vie \u00e9quilibr\u00e9 au Maroc.<\/p>\n\n\n\n<div class=\"button-wrapper\"><a class=\"promo-button btn btn-size-small fancybox\" href=\"#speaker\" target=\"_self\" rel=\"noopener\">Commandez maintenant<\/a><\/div>\n\n\n\n<h2 class=\"wp-block-heading\">Les principaux b\u00e9n\u00e9fices de Dialor<\/h2>\n\n\n\n<ul class=\"wp-block-list\">\n<li>Contribue au maintien d\u2019un taux de sucre normal dans le sang<\/li>\n\n\n\n<li>Aide \u00e0 pr\u00e9venir les d\u00e9s\u00e9quilibres m\u00e9taboliques<\/li>\n\n\n\n<li>Participe au maintien d\u2019un taux de cholest\u00e9rol \u00e9quilibr\u00e9<\/li>\n\n\n\n<li>Soutient l\u2019action naturelle de l\u2019insuline<\/li>\n\n\n\n<li>Contribue au bon fonctionnement des vaisseaux et du c\u0153ur<\/li>\n\n\n\n<li>Apporte un soutien au syst\u00e8me immunitaire<\/li>\n\n\n\n<li>Aide \u00e0 r\u00e9duire l\u2019inconfort li\u00e9 \u00e0 la sensibilit\u00e9 nerveuse<\/li>\n\n\n\n<li>Favorise la production hormonale et l\u2019activation du m\u00e9tabolisme<\/li>\n\n\n\n<li>Contribue \u00e0 une meilleure circulation c\u00e9r\u00e9brale<\/li>\n\n\n\n<li>Offre un soutien antimicrobien naturel<\/li>\n\n\n\n<li>Aide \u00e0 maintenir la vitalit\u00e9 et la performance quotidienne<\/li>\n<\/ul>\n\n\n\n<p>Dialor s\u2019int\u00e8gre dans une approche globale combinant alimentation \u00e9quilibr\u00e9e et activit\u00e9 physique r\u00e9guli\u00e8re.<\/p>\n\n\n\n<figure class=\"wp-block-image size-large\"><span itemprop=\"image\" itemscope itemtype=\"https:\/\/schema.org\/ImageObject\"><img itemprop=\"url image\" loading=\"lazy\" decoding=\"async\" width=\"1024\" height=\"502\" src=\"https:\/\/dialormaroc.com\/wp-content\/uploads\/2026\/02\/screenshot_2-1024x502.jpg\" alt=\"\" class=\"wp-image-131\" srcset=\"https:\/\/dialormaroc.com\/wp-content\/uploads\/2026\/02\/screenshot_2-1024x502.jpg 1024w, https:\/\/dialormaroc.com\/wp-content\/uploads\/2026\/02\/screenshot_2-300x147.jpg 300w, https:\/\/dialormaroc.com\/wp-content\/uploads\/2026\/02\/screenshot_2-768x376.jpg 768w, https:\/\/dialormaroc.com\/wp-content\/uploads\/2026\/02\/screenshot_2-817x400.jpg 817w, https:\/\/dialormaroc.com\/wp-content\/uploads\/2026\/02\/screenshot_2.jpg 1474w\" sizes=\"auto, (max-width: 1024px) 100vw, 1024px\" \/><meta itemprop=\"width\" content=\"1024\"><meta itemprop=\"height\" content=\"502\"><\/span><\/figure>\n\n\n\n<h2 class=\"wp-block-heading\">Indications d\u2019utilisation<\/h2>\n\n\n\n<p>Dialor peut \u00eatre utilis\u00e9 en soutien nutritionnel en cas de :<\/p>\n\n\n\n<ul class=\"wp-block-list\">\n<li>Sensation de soif intense et persistante<\/li>\n\n\n\n<li>Go\u00fbt m\u00e9tallique dans la bouche<\/li>\n\n\n\n<li>App\u00e9tit accru et envies fr\u00e9quentes de sucreries<\/li>\n\n\n\n<li>Variations de poids (perte ou prise)<\/li>\n\n\n\n<li>D\u00e9mangeaisons au niveau de la peau, des pieds ou des mains<\/li>\n\n\n\n<li>D\u00e9s\u00e9quilibre m\u00e9tabolique global<\/li>\n\n\n\n<li>Carences en vitamines<\/li>\n<\/ul>\n\n\n\n<p>Ces manifestations peuvent signaler la n\u00e9cessit\u00e9 d\u2019un accompagnement nutritionnel adapt\u00e9.<\/p>\n\n\n\n<div class=\"button-wrapper\"><a class=\"promo-button btn btn-size-small fancybox\" href=\"#speaker\" target=\"_self\" rel=\"noopener\">Commandez maintenant<\/a><\/div>\n\n\n\n<h2 class=\"wp-block-heading\">Comment agit Dialor ?<\/h2>\n\n\n\n<p>Dialor agit selon une approche globale et progressive :<\/p>\n\n\n\n<h3 class=\"wp-block-heading\">1. Soutien de la r\u00e9gulation glyc\u00e9mique<\/h3>\n\n\n\n<p>Les composants de la formule contribuent au maintien d\u2019un taux de glucose \u00e9quilibr\u00e9 et soutiennent la sensibilit\u00e9 naturelle de l\u2019organisme \u00e0 l\u2019insuline.<\/p>\n\n\n\n<h3 class=\"wp-block-heading\">2. Protection cardiovasculaire<\/h3>\n\n\n\n<p>En participant au maintien d\u2019un taux de cholest\u00e9rol \u00e9quilibr\u00e9, Dialor contribue \u00e0 la sant\u00e9 des vaisseaux sanguins et du c\u0153ur.<\/p>\n\n\n\n<h3 class=\"wp-block-heading\">3. Activation du m\u00e9tabolisme<\/h3>\n\n\n\n<p>La formule soutient les processus m\u00e9taboliques responsables de la production d\u2019\u00e9nergie et du bon fonctionnement hormonal.<\/p>\n\n\n\n<blockquote class=\"wp-block-quote is-layout-flow wp-block-quote-is-layout-flow\">\n<p>\u00ab Les approches nutritionnelles bas\u00e9es sur des extraits v\u00e9g\u00e9taux peuvent contribuer au maintien d\u2019un \u00e9quilibre glyc\u00e9mique dans le cadre d\u2019un mode de vie sain. \u00bb<br>\u2014 Dr. Laurent Meyer, sp\u00e9cialiste en nutrition clinique (France)<\/p>\n<\/blockquote>\n\n\n\n<figure class=\"wp-block-image size-large\"><span itemprop=\"image\" itemscope itemtype=\"https:\/\/schema.org\/ImageObject\"><img itemprop=\"url image\" loading=\"lazy\" decoding=\"async\" width=\"1024\" height=\"434\" src=\"https:\/\/dialormaroc.com\/wp-content\/uploads\/2026\/02\/screenshot_3-1024x434.jpg\" alt=\"\" class=\"wp-image-132\" srcset=\"https:\/\/dialormaroc.com\/wp-content\/uploads\/2026\/02\/screenshot_3-1024x434.jpg 1024w, https:\/\/dialormaroc.com\/wp-content\/uploads\/2026\/02\/screenshot_3-300x127.jpg 300w, https:\/\/dialormaroc.com\/wp-content\/uploads\/2026\/02\/screenshot_3-768x326.jpg 768w, https:\/\/dialormaroc.com\/wp-content\/uploads\/2026\/02\/screenshot_3-870x369.jpg 870w, https:\/\/dialormaroc.com\/wp-content\/uploads\/2026\/02\/screenshot_3.jpg 1372w\" sizes=\"auto, (max-width: 1024px) 100vw, 1024px\" \/><meta itemprop=\"width\" content=\"1024\"><meta itemprop=\"height\" content=\"434\"><\/span><\/figure>\n\n\n\n<h2 class=\"wp-block-heading\">Mode d\u2019emploi<\/h2>\n\n\n\n<ul class=\"wp-block-list\">\n<li>Prendre 1 capsule<\/li>\n\n\n\n<li>3 fois par jour<\/li>\n\n\n\n<li>Apr\u00e8s les repas<\/li>\n<\/ul>\n\n\n\n<p>Une utilisation r\u00e9guli\u00e8re est recommand\u00e9e pour un soutien optimal.<\/p>\n\n\n\n<div class=\"button-wrapper\"><a class=\"promo-button btn btn-size-small fancybox\" href=\"#speaker\" target=\"_self\" rel=\"noopener\">Commandez maintenant<\/a><\/div>\n\n\n\n<h2 class=\"wp-block-heading\">Disponibilit\u00e9 au Maroc<\/h2>\n\n\n\n<p>Dialor est disponible exclusivement via le site officiel.<\/p>\n\n\n\n<p>Il n\u2019est pas commercialis\u00e9 dans les pharmacies ou magasins physiques \u00e0 Casablanca, Rabat, Marrakech, F\u00e8s, Tanger ou Agadir.<\/p>\n\n\n\n<h3 class=\"wp-block-heading\">Avantages de la commande directe :<\/h3>\n\n\n\n<ul class=\"wp-block-list\">\n<li>Produit original garanti<\/li>\n\n\n\n<li>Prix sans interm\u00e9diaires<\/li>\n\n\n\n<li>Assistance lors de la confirmation de commande<\/li>\n\n\n\n<li>Livraison rapide dans tout le Maroc<\/li>\n\n\n\n<li>Paiement \u00e0 la livraison<\/li>\n<\/ul>\n\n\n\n<figure class=\"wp-block-image size-large\"><span itemprop=\"image\" itemscope itemtype=\"https:\/\/schema.org\/ImageObject\"><img itemprop=\"url image\" loading=\"lazy\" decoding=\"async\" width=\"1024\" height=\"346\" src=\"https:\/\/dialormaroc.com\/wp-content\/uploads\/2026\/02\/screenshot_4-1024x346.jpg\" alt=\"\" class=\"wp-image-133\" srcset=\"https:\/\/dialormaroc.com\/wp-content\/uploads\/2026\/02\/screenshot_4-1024x346.jpg 1024w, https:\/\/dialormaroc.com\/wp-content\/uploads\/2026\/02\/screenshot_4-300x101.jpg 300w, https:\/\/dialormaroc.com\/wp-content\/uploads\/2026\/02\/screenshot_4-768x259.jpg 768w, https:\/\/dialormaroc.com\/wp-content\/uploads\/2026\/02\/screenshot_4-870x294.jpg 870w, https:\/\/dialormaroc.com\/wp-content\/uploads\/2026\/02\/screenshot_4.jpg 1495w\" sizes=\"auto, (max-width: 1024px) 100vw, 1024px\" \/><meta itemprop=\"width\" content=\"1024\"><meta itemprop=\"height\" content=\"346\"><\/span><\/figure>\n\n\n\n<h2 class=\"wp-block-heading\">Comment commander ?<\/h2>\n\n\n\n<ol class=\"wp-block-list\">\n<li>Remplir le formulaire de commande (nom et num\u00e9ro de t\u00e9l\u00e9phone)<\/li>\n\n\n\n<li>Recevoir un appel de confirmation<\/li>\n\n\n\n<li>Valider les informations de livraison<\/li>\n\n\n\n<li>Recevoir le colis<\/li>\n\n\n\n<li>R\u00e9gler le paiement \u00e0 la r\u00e9ception<\/li>\n<\/ol>\n\n\n\n<p>La livraison est assur\u00e9e dans toutes les r\u00e9gions du Maroc.<\/p>\n\n\n\n<div class=\"button-wrapper\"><a class=\"promo-button btn btn-size-small fancybox\" href=\"#speaker\" target=\"_self\" rel=\"noopener\">Commandez maintenant<\/a><\/div>\n\n\n\n<h2 class=\"wp-block-heading\">Information importante<\/h2>\n\n\n\n<p>Dialor est un compl\u00e9ment alimentaire et non un m\u00e9dicament.<br>Il n\u2019est pas destin\u00e9 \u00e0 diagnostiquer, traiter, gu\u00e9rir ou pr\u00e9venir une maladie.<br>Il ne remplace pas un traitement m\u00e9dical prescrit par un professionnel de sant\u00e9.<\/p>\n\n\n\n<p>Dialor est un compl\u00e9ment alimentaire con\u00e7u pour accompagner l\u2019\u00e9quilibre glyc\u00e9mique, soutenir le m\u00e9tabolisme et contribuer au bien-\u00eatre g\u00e9n\u00e9ral au Maroc, gr\u00e2ce \u00e0 une approche nutritionnelle \u00e9quilibr\u00e9e et adapt\u00e9e au quotidien.<\/p>\n","protected":false},"excerpt":{"rendered":"<p>Ancien prix 800 MAD.En vente399 MAD.* Achetez en offre sp\u00e9ciale *prix promotionnel lors de l&rsquo;achat d&rsquo;un cours Au Maroc, l\u2019\u00e9volution des habitudes alimentaires, le stress et la diminution de l\u2019activit\u00e9 physique ont accru l\u2019attention port\u00e9e \u00e0 l\u2019\u00e9quilibre du taux de sucre dans le sang. Lorsque la r\u00e9gulation glyc\u00e9mique devient instable, cela peut influencer l\u2019\u00e9nergie, la [&hellip;]<\/p>\n","protected":false},"author":1,"featured_media":0,"parent":0,"menu_order":0,"comment_status":"closed","ping_status":"closed","template":"","meta":{"footnotes":""},"class_list":["post-129","page","type-page","status-publish",""],"_links":{"self":[{"href":"https:\/\/dialormaroc.com\/index.php?rest_route=\/wp\/v2\/pages\/129","targetHints":{"allow":["GET"]}}],"collection":[{"href":"https:\/\/dialormaroc.com\/index.php?rest_route=\/wp\/v2\/pages"}],"about":[{"href":"https:\/\/dialormaroc.com\/index.php?rest_route=\/wp\/v2\/types\/page"}],"author":[{"embeddable":true,"href":"https:\/\/dialormaroc.com\/index.php?rest_route=\/wp\/v2\/users\/1"}],"replies":[{"embeddable":true,"href":"https:\/\/dialormaroc.com\/index.php?rest_route=%2Fwp%2Fv2%2Fcomments&post=129"}],"version-history":[{"count":1,"href":"https:\/\/dialormaroc.com\/index.php?rest_route=\/wp\/v2\/pages\/129\/revisions"}],"predecessor-version":[{"id":134,"href":"https:\/\/dialormaroc.com\/index.php?rest_route=\/wp\/v2\/pages\/129\/revisions\/134"}],"wp:attachment":[{"href":"https:\/\/dialormaroc.com\/index.php?rest_route=%2Fwp%2Fv2%2Fmedia&parent=129"}],"curies":[{"name":"wp","href":"https:\/\/api.w.org\/{rel}","templated":true}]}}